What are the prime factors of 25004084?
2, 7, 893003
What are the prime factors of 562467063?
3, 137, 1087, 1259
List the prime factors of 25010609.
13, 1923893
List the prime factors of 65048698.
2, 11, 13, 17, 787
What are the prime factors of 1934777107?
1934777107
What are the prime factors of 118716506?
2, 2953, 20101
List the prime factors of 289448521.
37, 7822933
List the prime factors of 692814109.
13, 191, 279023
What are the prime factors of 75496292?
2, 18874073
What are the prime factors of 13452707?
1741, 7727
List the prime factors of 2782846010.
2, 5, 7, 4373, 9091
What are the prime factors of 367729520?
2, 5, 23, 199853
What are the prime factors of 258830690?
2, 5, 89, 290821
List the prime factors of 36861466.
2, 18430733
What are the prime factors of 131124194?
2, 65562097
What are the prime factors of 220793688?
2, 3, 17, 131
List the prime factors of 7289812.
2, 89, 20477
List the prime factors of 24096932.
2, 449, 13417
List the prime factors of 3557903.
3557903
What are the prime factors of 1782697301?
7, 11, 2659, 8707
What are the prime factors of 5114433500?
2, 5, 11, 929897
What are the prime factors of 1092021031?
1092021031
What are the prime factors of 102317770?
2, 5, 10231777
What are the prime factors of 1086805676?
2, 11, 24700129
What are the prime factors of 59233491?
3, 17, 129049
List the prime factors of 166069992.
2, 3, 11, 107, 5879
List the prime factors of 331470546.
2, 3, 11, 456571
What are the prime factors of 1201163413?
19, 63219127
List the prime factors of 1135161307.
7, 162165901
What are the prime factors of 82095424?
2, 149, 8609
List the prime factors of 45554870.
2, 5, 1721, 2647
What are the prime factors of 622592592?
2, 3, 31, 281, 1489
What are the prime factors of 156586082?
2, 17, 4605473
List the prime factors of 103186732.
2, 11, 2345153
List the prime factors of 85246088.
2, 2719, 3919
What are the prime factors of 60785183?
17, 3575599
List the prime factors of 598341887.
11, 13, 967, 4327
List the prime factors of 23654281.
7, 23, 146921
What are the prime factors of 800730018?
2, 3, 11, 1217, 3323
List the prime factors of 318422989.
61, 5220049
What are the prime factors of 33366976?
2, 521359
List the prime factors of 15916280.
2, 5, 397907
What are the prime factors of 84855738?
2, 3, 11, 17, 75629
List the prime factors of 1003154822.
2, 1109, 452279
List the prime factors of 115269502.
2, 337, 171023
List the prime factors of 73561203.
3, 100907
What are the prime factors of 560621125?
5, 19, 137, 1723
What are the prime factors of 87907080?
2, 3, 5, 89, 8231
List the prime factors of 291118916.
2, 11, 6616339
List the prime factors of 76340049.
3, 25446683
What are the prime factors of 48905799?
3, 16301933
What are the prime factors of 93300174?
2, 3, 11, 41, 1277
List the prime factors of 3933308991.
3, 1311102997
What are the prime factors of 2073738571?
463, 4478917
What are the prime factors of 59657261?
59657261
What are the prime factors of 419909919?
3, 11, 13, 23, 42557
List the prime factors of 19014631.
19014631
List the prime factors of 2212539737.
2212539737
What are the prime factors of 163930446?
2, 3, 29, 104681
List the prime factors of 75860883.
3, 7, 1204141
What are the prime factors of 122628?
2, 3, 11, 929
What are the prime factors of 1369989487?
1369989487
What are the prime factors of 81593445?
3, 5, 5439563
List the prime factors of 568816960.
2, 5, 1777553
What are the prime factors of 127477127?
29, 83, 211, 251
List the prime factors of 1146906618.
2, 3, 11, 13, 233, 5737
List the prime factors of 3709366992.
2, 3, 379, 67967
List the prime factors of 2898453995.
5, 383, 1513553
List the prime factors of 79790470.
2, 5, 229, 34843
List the prime factors of 175310739.
3, 19, 1025209
List the prime factors of 958852762.
2, 7, 5231, 13093
List the prime factors of 235289248.
2, 17, 617, 701
What are the prime factors of 123678209?
123678209
List the prime factors of 771469808.
2, 5749, 8387
List the prime factors of 623486240.
2, 5, 13, 43, 6971
List the prime factors of 618798851.
11, 47, 421, 2843
List the prime factors of 28082052.
2, 3, 167, 173
List the prime factors of 378361738.
2, 189180869
What are the prime factors of 143836813?
17, 757, 11177
What are the prime factors of 6739837?
13, 17, 30497
List the prime factors of 56538824.
2, 1297, 5449
What are the prime factors of 98030471?
7, 11, 367, 3469
What are the prime factors of 6959925?
3, 5, 7, 491
List the prime factors of 342818360.
2, 5, 43, 199313
What are the prime factors of 304154656?
2, 13, 731141
What are the prime factors of 1664405201?
151, 2437, 4523
What are the prime factors of 33343673?
11, 59, 83, 619
List the prime factors of 62160424.
2, 7770053
What are the prime factors of 74212537?
7, 19, 29, 71, 271
List the prime factors of 30890591.
127, 243233
What are the prime factors of 349986613?
53, 1129, 5849
What are the prime factors of 166175740?
2, 5, 73, 113819
What are the prime factors of 53778596?
2, 3253, 4133
What are the prime factors of 235214510?
2, 5, 23521451
List the prime factors of 699713191.
79, 2659, 3331
What are the prime factors of 519204507?
3, 19, 23, 67, 257
What are the prime factors of 97868774?
2, 37, 43, 30757
List the prime factors of 1363407870.
2, 3, 5, 11, 4131539
What are the prime factors of 297728089?
17, 1030201
What are the prime factors of 165289429?
101, 1636529
What are the prime factors of 24275705?
5, 97, 50053
What are the prime factors of 1057053674?
2, 14251, 37087
List the prime factors of 818018969.
818018969
What are the prime factors of 681512059?
719, 947861
List the prime factors of 455112095.
5, 41, 2220059
List the prime factors of 643076861.
7, 3079, 29837
What are the prime factors of 142159050?
2, 3, 5, 11, 3191
List the prime factors of 596297079.
3, 7, 181, 17431
List the prime factors of 117121107.
3, 39040369
What are the prime factors of 71998417?
17, 4235201
What are the prime factors of 111225297?
3, 19, 1951321
What are the prime factors of 73363902?
2, 3, 19, 157, 4099
List the prime factors of 4473152645.
5, 13, 68817733
List the prime factors of 47708879.
103, 479, 967
What are the prime factors of 3341871607?
3341871607
What are the prime factors of 2219488474?
2, 7, 158534891
List the prime factors of 30066337.
7, 197, 21803
List the prime factors of 2483182471.
7, 11, 71, 454213
What are the prime factors of 157486924?
2, 7, 89, 63197
What are the prime factors of 3577665725?
5, 17, 8418037
List the prime factors of 92309756.
2, 7, 11, 107, 2801
What are the prime factors of 185794166?
2, 61, 337, 4519
What are the prime factors of 266773315?
5, 167, 319489
List the prime factors of 219928831.
219928831
What are the prime factors of 79553112?
2, 3, 3314713
What are the prime factors of 247256124?
2, 3, 31, 664667
List the prime factors of 327224638.
2, 13, 131, 191, 503
List the prime factors of 342459126.
2, 3, 19025507
What are the prime factors of 100272725?
5, 7, 79, 7253
What are the prime factors of 494405930?
2, 5, 23, 2149591
What are the prime factors of 18436744?
2, 2304593
List the prime factors of 864402546.
2, 3, 7, 53, 577, 673
List the prime factors of 567949635.
3, 5, 11, 59, 19447
What are the prime factors of 11669061?
3, 449, 8663
What are the prime factors of 940115752?
2, 191, 615259
What are the prime factors of 1557879256?
2, 194734907
List the prime factors of 17521130.
2, 5, 11, 47, 3389
List the prime factors of 4269301465.
5, 11, 13, 491, 12161
What are the prime factors of 3135793871?
7, 17, 31, 89, 9551
What are the prime factors of 3325456794?
2, 3, 11, 23, 199153
List the prime factors of 2089873218.
2, 3, 263, 1324381
What are the prime factors of 940844312?
2, 593, 198323
What are the prime factors of 505656387?
3, 56184043
What are the prime factors of 2432229859?
2432229859
List the prime factors of 5203698623.
17, 306099919
List the prime factors of 11853459.
3, 61, 2399
List the prime factors of 72999039.
3, 37, 657649
What are the prime factors of 502959514?
2, 251479757
What are the prime factors of 745851405?
3, 5, 13, 3824879
List the prime factors of 2714039825.
5, 7, 59, 83, 3167
List the prime factors of 1173296603.
37, 31710719
What are the prime f